= -6*v - 273. Let n = -65 - v. What are the prime factors of n?
5
Let g be -37 + 89 + -3 + 1. Suppose -r + 2*k + 16 = 0, -4*r + 0*k + k + g = 0. What are the prime factors of r?
2, 3
Suppose -u = -d, -5*u + 6 = -4*u + d. Suppose u*q + 1356 = 4*k, k + 13 = -5*q + 329. What are the prime factors of k?
2, 3, 7
Suppose 7*o = 277 + 1025. Suppose 0 = -72*p + 69*p + o. What are the prime factors of p?
2, 31
Suppose n = -l + 16, -3*l + 8*l + 3*n = 78. Let c(y) = -y**3 + 18*y**2 - 21*y + 4. List the prime factors of c(l).
2, 7, 13
Let n be (-4666)/(-6) - (1 + (-8)/6). Let p = n + -517. What are the prime factors of p?
3, 29
Let y(w) = 32*w - 54. Let d(z) = 63*z - 108. Let i(k) = 2*d(k) - 5*y(k). List the prime factors of i(-6).
2, 3, 43
Let u be 66/(-4)*(-150)/45. Let k be (u/10)/11 + (-1)/(-2). What are the prime factors of k/((-537)/135 - -4)?
3, 5
List the prime factors of (100/(-90))/(6/(-59886)).
2, 5, 1109
Let j = 42 + -80. What are the prime factors of -4 - j/9 - (-11044)/36?
307
Let n(x) = -x**3 - 26*x**2 - 6*x + 54. Let k be n(-26). Suppose 16*u - 13*u = k. List the prime factors of (u/25)/7 - (-4284)/15.
2, 11, 13
Let a(g) = 3*g**2 + 3*g + 7. Let z(o) = -o**3 + o**2 + 2. Let c be z(0). Suppose 5*b + c*w = -11, 3*b + 3*w = -w - 1. List the prime factors of a(b).
5
Let l(o) = -5*o**3 - 7*o**2 - 47*o - 31. Let p(z) = -2*z**3 - 3*z**2 - 23*z - 14. Let n(d) = -4*l(d) + 9*p(d). What are the prime factors of n(7)?
2, 3, 5
List the prime factors of -8 - ((-2)/15 + ((-2757972)/(-315))/(-4)).
3, 727
Let z be 1/(-2)*(-7)/((-21)/(-150)). Suppose 4*j - 26 = -t, 0 = -2*t - 3*j + 7 + z. What are the prime factors of t?
2, 5
Let i(y) = 5*y**2 - 8*y + 18. Let u be i(17). Let f = 2551 - u. Suppose 0 = -4*p + 5*t + f, 5*p - 6*p - 3*t + 289 = 0. What are the prime factors of p?
7, 43
Let k(r) = r**3 + 55*r**2 - 20*r - 82. What are the prime factors of k(-41)?
2, 37, 41
Let g be 1 + -4 + (-15)/(-3). Suppose g*v + r + 3*r = 2146, 3201 = 3*v - 3*r. List the prime factors of v.
1069
Let o = -341 + 211. Let u = o + 441. List the prime factors of u.
311
Suppose -597*o = 3*r - 601*o - 57758, -5*r - 3*o + 96331 = 0. What are the prime factors of r?
2, 9631
Let x(u) be the first derivative of 11*u**2/2 + 813*u + 140. List the prime factors of x(0).
3, 271
Let k(m) = -2*m**2 + 9*m + 853. Let x be k(0). Suppose -3*l - 5*f = -x, -10*f = -3*l - 7*f + 861. List the prime factors of l.
2, 11, 13
Suppose -3*a + 7*k + 32 = 8*k, 3*a = 4*k + 22. What are the prime factors of (1*a)/(54/1593)?
5, 59
Suppose 0 = 44*l - 40*l. Suppose l = 3*u + 134 - 113. Let c(n) = n**3 + 10*n**2 + 5*n - 15. What are the prime factors of c(u)?
97
Suppose 17*h - 168 = 14*h. Let u be 12/(8/(2 + 2)). What are the prime factors of ((-153)/u)/((-21)/h)?
2, 17
Let o(g) = -400*g**3 - 8*g**2 - 6*g + 2. Let j(h) = h**3 - 4*h**2 - 12*h - 1. Let i be j(6). List the prime factors of o(i).
2, 5
Let s(g) = g**3 + 3*g**2 - 11*g - 36. Let m be s(-4). What are the prime factors of (m/28)/2 + (-3530)/(-14)?
2, 3, 7
Suppose -353 = 19*t - 1265. What are the prime factors of 9279/12 - 12/t?
773
Suppose -2*u = 4*o, 2*o - 2 = -4*u - 14. Let s be u/10*(6/3 - 7). Suppose -97 = -3*v - 0*f - 4*f, 0 = -v - s*f + 35. List the prime factors of v.
3
Let k = 14 - 10. Suppose 5*r - 18 = -k*r. Suppose 90 = 2*p - 3*q, 8 + r = -5*q. List the prime factors of p.
2, 3, 7
Suppose 34*y = 391104 + 197797 + 310229. What are the prime factors of y?
3, 5, 41, 43
Let v(t) = 38*t + 39. Let u(l) be the first derivative of 13*l**2/2 + 13*l - 5. Let r(y) = -8*u(y) + 3*v(y). List the prime factors of r(17).
3, 61
Suppose -5 = 31*q - 32*q. Let j(u) = 4*u**3 + 3*u**2 - 2*u + 15. What are the prime factors of j(q)?
2, 5, 29
Let v = 8925 - 288. What are the prime factors of v?
3, 2879
Suppose -118*g + 176549 + 418525 = 0. List the prime factors of g.
3, 41
Let q(k) = -4*k**3 + 44*k**2 - 25*k - 174. What are the prime factors of q(-15)?
3, 7867
Suppose -2*n + 3*w = 1289, -n + 0*n - 640 = -3*w. Let z = -421 - n. Let g = z + -141. List the prime factors of g.
3, 29
Let s be 5*2/((-2)/1). Let i be (-2 - 6/s)/(4/90). What are the prime factors of ((i/4)/9)/(1/(-294))?
3, 7
Suppose 10*j = 8*j. Let c = -222 + 227. List the prime factors of (c - -66)*(j - -3).
3, 71
What are the prime factors of (-4885)/(-2)*((-4)/10 + 2)?
2, 977
Let a(t) = 383*t + 11. List the prime factors of a(18).
5, 1381
Let h(x) = 2*x**2 + 10*x + 5. Let z be h(-7). Suppose 7000 = z*q - 10391. What are the prime factors of q?
17, 31
Suppose 0 = -p - 2*u - 8 + 4, -u = p. Suppose -p*b = 3*m - 1209, 3*b - m + 358 - 1268 = 0. List the prime factors of b.
3, 101
Let k(l) = 51*l + 9. Let y be k(6). Suppose y = 6*x - x. Suppose -p + 3*r + x - 15 = 0, 5*p + 4*r = 335. What are the prime factors of p?
3, 7
List the prime factors of (-3 + 241)/((180/378)/5).
3, 7, 17
Let b(o) = -14*o**2 - 4*o + 8. Let z be b(2). Let r = 157 - z. List the prime factors of r.
3, 71
Let h = -30 - -113. Let q = -83 + h. Suppose -3*v + 2*j - 640 = -7*v, -3*v - 4*j + 470 = q. List the prime factors of v.
2, 3
Let h be 13 + -3 + 1 + -3 + 1. Suppose -h = -2*m + 1. Suppose -4*w + 89 + 449 = 5*o, -202 = -2*o + m*w. List the prime factors of o.
2, 53
Let i(h) = -10*h**3 - 15*h**2 + 7*h + 7. List the prime factors of i(-4).
379
Let r(b) = 182*b - 11096. What are the prime factors of r(132)?
2, 101
Let o(f) = -5*f**3 - 11*f**2 - 13*f - 4. Let s be o(-8). Suppose 2*x = 2*d - s, -x - x = -d + 977. What are the prime factors of d?
11, 89
What are the prime factors of -1 + (31/62 - (-8931)/2)?
5, 19, 47
Let h be 1*2 + (18 - 26). What are the prime factors of -41*(5/2*h + -4)?
19, 41
Suppose 3*w = -3, -2*g - 56*w + 17352 = -62*w. What are the prime factors of g?
3, 7, 59
Let x(a) = a**3 - 11*a**2 + 14*a. Suppose -2*f - f + 28 = 4*m, 4*f - 3*m - 29 = 0. Let i be x(f). Let n = -43 - i. What are the prime factors of n?
37
Let k = -233 + 235. Suppose -k*n + 96 + 124 = -2*x, 2 = x. List the prime factors of n.
2, 7
Suppose -2*i = d - 444, d + 3*i - 345 = 103. Let x = d + -422. What are the prime factors of x?
2, 7
Suppose -v + 3*j + 85890 = 0, -372*j = 4*v - 370*j - 343532. List the prime factors of v.
2, 3, 17, 421
Let j(s) be the first derivative of -s**4/4 + 10*s**3/3 - 3*s**2/2 - 11*s + 12. Let g be j(5). Let b = 5 + g. List the prime factors of b.
2, 13
Let w be 119/21 - (-2)/6. Let l be (-48)/(-32)*80/w. What are the prime factors of ((-32)/l)/(6/(-285))?
2, 19
Let v(t) = t**3 - 13*t**2 - 31*t + 23. Let k be v(15). Suppose 0 = -k*b + 2842 - 346. What are the prime factors of b?
2, 3, 13
Let r be 7 + -1 + 3 + -9. Suppose a - 575 = -4*k, 6*k - 3*k + 15 = r. List the prime factors of a.
5, 7, 17
Suppose -996*c - 35780 = -997*c + 4*u, 2*u = -2*c + 71610. What are the prime factors of c?
2, 5, 179
Suppose -2*o - w = 3*w + 216, -4*o + 4*w = 384. List the prime factors of (50/o)/((-1)/852).
2, 3, 71
Suppose 2*x = -2*a + 6, -4*a = -9*x + 5*x + 28. Suppose -2*r = -5*n - 497, -4*r = x*n - 1063 - 6. What are the prime factors of r?
3, 29
Let b be (6/5)/((-153)/(-1275)). Suppose 6043 = 4*c - 13*u + b*u, -c - 4*u = -1506. List the prime factors of c.
2, 5, 151
Let u be 4/12 - (-2544)/(-18). List the prime factors of (-2)/3*u*(-23)/(-2).
23, 47
Let d = -56 + 58. Suppose 3*c - 1118 = 4*r + 265, -4*c = -d*r - 1834. What are the prime factors of c?
457
List the prime factors of ((-290)/(-10))/(6 + 70696/(-11784)).
3, 29, 491
What are the prime factors of -3*(16/(-72) + 108904/(-36))?
2, 2269
Let v(l) be the first derivative of l**4/4 - 2*l**3/3 - l**2/2 - 5*l + 24. Let s be v(4). Suppose s*y = 18*y + 265. What are the prime factors of y?
53
Suppose -5*a + 8*a = 2*t + 147, a - 62 = 5*t. Suppose -a*r + 10952 = -10*r. What are the prime factors of r?
2, 37
Let v(r) = -5*r - 1. Let x be (1 - 0)/(44/24 + -2). Let g be v(x). Suppose 30 = i + 5*l, -4*l + g = 2*i - i. What are the prime factors of i?
5
Let s(q) = -49*q - 25. Suppose 7*a + 49 - 7 = 0. What are the prime factors of s(a)?
269
Let c(g) = 3451*g - 18. What are the prime factors of c(4)?
2, 61, 113
What are the prime factors of (-2)/(30/(-82941)) + (-308)/20 + 15?
3, 19, 97
Let p(u) = 2 + 4 - u**2 - 4 + 8*u + 2. Let z be p(-5). Let m = -41 - z. What are the prime factors of m?
2, 5
Let n = 30